prime number?
False
Is 1403865439 composite?
False
Is 857096341 a composite number?
False
Is 52251297919 composite?
True
Is 2649433427 composite?
False
Is 8573346253 composite?
True
Is 10273007551 composite?
False
Is 2462415079 a prime number?
False
Is 14058336653 a prime number?
True
Is 5686900799 composite?
False
Is 157711549 composite?
True
Is 653575331 prime?
True
Is 925973383 composite?
True
Is 161241973 prime?
True
Is 110834740223 a prime number?
True
Is 49833135323 prime?
False
Is 233230759 a composite number?
False
Is 6666426539 prime?
False
Is 1269319487 composite?
False
Is 5645723357 a composite number?
False
Is 38048856293 a composite number?
True
Is 26221849519 prime?
True
Is 2796032929 composite?
False
Is 203692877 prime?
False
Is 125808600193 a prime number?
True
Is 4205813179 composite?
True
Is 207824426751 prime?
False
Is 19421508383 composite?
False
Is 862005161 composite?
True
Is 764094151 a prime number?
True
Is 26162784361 a composite number?
True
Is 1434649313 a composite number?
True
Is 18055978609 a prime number?
False
Is 231635303 prime?
True
Is 3044674669 a prime number?
True
Is 140719233659 composite?
True
Is 13140468577 a prime number?
True
Is 12311341597 prime?
True
Is 15112174757 prime?
False
Is 1191446743 prime?
False
Is 105576433877 composite?
False
Is 14731697373 a prime number?
False
Is 33140136709 composite?
False
Is 23203313233 a composite number?
False
Is 605714929 prime?
True
Is 56198839 prime?
False
Is 4119683657 a prime number?
True
Is 6637458671 a prime number?
True
Is 104051699 a composite number?
False
Is 3897837817 composite?
False
Is 158263582 composite?
True
Is 18632599217 prime?
True
Is 2554231111 composite?
True
Is 317392757 composite?
True
Is 2258806729 a prime number?
True
Is 975919993 a composite number?
True
Is 14332280141 a composite number?
False
Is 849273331 composite?
True
Is 16478722457 a composite number?
True
Is 8928571313 composite?
False
Is 141538795193 prime?
True
Is 118031512823 a prime number?
False
Is 1108484203 prime?
True
Is 10615413119 prime?
True
Is 41526044873 a prime number?
False
Is 4003518721 composite?
True
Is 74121935969 a prime number?
False
Is 13001453921 composite?
False
Is 14314776781 composite?
True
Is 811134677 prime?
True
Is 3270420971 a composite number?
False
Is 391502749669 a prime number?
True
Is 18465771229 prime?
False
Is 100549588733 prime?
False
Is 5440968517 a prime number?
True
Is 10441923673 a prime number?
True
Is 13191058201 a prime number?
True
Is 11628662117 a composite number?
False
Is 8847772517 a composite number?
False
Is 4261617257 composite?
False
Is 68396309 a composite number?
False
Is 3993273607 prime?
True
Is 4947866641 a composite number?
False
Is 87395320637 composite?
True
Is 749662409 a composite number?
True
Is 14856714311 a composite number?
False
Is 105714103 a prime number?
False
Is 187288649 prime?
True
Is 2314136282 composite?
True
Is 1574512354 composite?
True
Is 37082175883 a composite number?
False
Is 25773067 a composite number?
False
Is 899026039 a composite number?
False
Is 2949370391 a prime number?
False
Is 2544073921 a composite number?
False
Is 2255473295 composite?
True
Is 70296043 a composite number?
False
Is 29344380157 composite?
False
Is 593938921 a prime number?
True
Is 1649273383 composite?
False
Is 359406871 a prime number?
True
Is 8442394777 a composite number?
False
Is 68142859 composite?
True
Is 5198912974 composite?
True
Is 456865483 composite?
False
Is 32439516631 prime?
False
Is 35528392169 a composite number?
True
Is 59520649439 a composite number?
False
Is 7915056103 composite?
True
Is 22987095067 composite?
False
Is 10517671433 prime?
True
Is 1247448413 a composite number?
True
Is 567981929 composite?
True
Is 88344467 composite?
False
Is 4683149033 a prime number?
True
Is 37153269983 a composite number?
False
Is 4158332999 a prime number?
False
Is 8631370873 prime?
True
Is 567928637 prime?
False
Is 2122355306 prime?
False
Is 160791209 composite?
True
Is 257781211 a composite number?
False
Is 3178208437 composite?
True
Is 400686108209 a prime number?
True
Is 7126066841 prime?
False
Is 7724749189 prime?
True
Is 4960218311 composite?
False
Is 8143398467 composite?
False
Is 324852019 a composite number?
False
Is 221519579 composite?
True
Is 81355911331 composite?
True
Is 333795671 a prime number?
False
Is 3666650093 a prime number?
True
Is 49014797017 a prime number?
False
Is 2255151043 prime?
False
Is 105180668447 composite?
False
Is 25239843043 prime?
True
Is 3071135947 a composite number?
True
Is 2052284363 prime?
False
Is 7690779631 a composite number?
True
Is 5627091961 a prime number?
True
Is 1109489947 a composite number?
False
Is 37798226759 composite?
False
Is 4752096749 a prime number?
False
Is 10981691851 composite?
True
Is 106449994843 composite?
False
Is 35223694033 a prime number?
False
Is 16478300851 a prime number?
False
Is 5294160017 a prime number?
False
Is 2459660363 a prime number?
True
Is 1201967651 a composite number?
True
Is 31934335087 prime?
False
Is 30623904469 a prime number?
False
Is 25516629811 a prime number?
True
Is 19151707847 a prime number?
True
Is 744075223 a prime number?
False
Is 43968178811 a prime number?
True
Is 6448748779 a prime number?
False
Is 2468491931 prime?
True
Is 11386325917 composite?
True
Is 2708673197 a composite number?
False
Is 1173753037 a composite number?
True
Is 2491111079 a composite number?
False
Is 4828091837 composite?
False
Is 4287627433 a prime number?
True
Is 3867329209 prime?
True
Is 471444803 a prime number?
False
Is 1168005019 a prime number?
False
Is 56294988311 composite?
False
Is 1753717097 composite?
True
Is 442065311 prime?
True
Is 11973914731 a composite number?
False
Is 11522117 composite?
False
Is 188368747453 composite?
False
Is 995172379 prime?
True
Is 777993533 a prime number?
True
Is 41709847 a prime number?
False
Is 3628859621 a prime number?
True
Is 4011790333 a composite number?
False
Is 10929612119 prime?
True
Is 5962969399 composite?
False
Is 525042851 prime?
True
Is 531753787 a composite number?
False
Is 1572392931 a composite number?
True
Is 33347819 prime?
True
Is 493478903 composite?
False
Is 22124155 composite?
True
Is 8189571133 a prime number?
True
Is 457078823 a prime number?
True
Is 386149363 a prime number?
False
Is 18732454451 composite?
False
Is 548911299 a composite number?
True
Is 2585366053 a prime number?
False
Is 566457839 a prime number?
True
Is 91260838441 composite?
True
Is 3981866401 a composite number?
True
Is 233718403 a composite number?
False
Is 315977219 a prime number?
True
Is 2233892237 prime?
False
Is 374706907 a composite number?
False
Is 616514023 a prime number?
False
Is 94074648751 a prime number?
True
Is 715849639 composite?
False
Is 143140331989 prime?
False
Is 54609031 a prime number?
False
Is 669325979 composite?
True
Is 11181998603 prime?
True
Is 17281675097 composite?
False
Is 31444148341 a composite number?
True
Is 6593968637 a composite number?
True
Is 482657243 a prime number?
True
Is 21492140407 composite?
True
Is 42603955881 composite?
True
Is 396916951 a composite number?
True
Is 2946582517 composite?
True
Is 7899049649 a composite number?
True
Is 444322303 prime?
False
Is 38105313497 a composite number?
True
Is 34854861931 a composite number?
True
Is 176230822639 prime?
True
Is 3219052619 composite?
False
Is 208292011 a composite number?
True
Is 15084599 a prime number?
True
Is 7562877611 prime?
True
Is 16300865383 a composite number?
True
Is 407490301 prime?
False
Is 19973738621 a composite number?
False
Is 1953819997 prime?
False
Is 6249779381 a composite number?
False
Is 442148977 a composite number?
False
Is 37461952597 composite?
True
Is 8921133241 prime?
False
Is 7723295065 prime?
False
Is 6015753677 prime?
True
Is 3063548791 a composite number?
True
Is 289658221 prime?
True
Is 79779900017 prime?
True
Is 463562087 prime?
True
Is 1538940607 a prime number?
False
Is 2402991793 prime?
True
Is 1417645511 composite?
True
Is 356630801 prime?
False
Is 59130283 a composite number?
False
Is 101317751 a prime number?
True
Is 179887579 a composite number?
True
Is 119515333031 a composite number?
True
Is 13009418231 a composite number?
True
Is 14088669317 a prime number?
False
I